{"id":688,"date":"2023-05-12T14:20:10","date_gmt":"2023-05-12T12:20:10","guid":{"rendered":"https:\/\/asso-cultures.org\/site\/?page_id=688"},"modified":"2026-01-13T10:35:47","modified_gmt":"2026-01-13T09:35:47","slug":"nos-actions","status":"publish","type":"page","link":"https:\/\/asso-cultures.org\/site\/?page_id=688","title":{"rendered":"Nos actions"},"content":{"rendered":"\n<p>Nous proposons:<\/p>\n\n\n\n<ul class=\"wp-block-list\">\n<li>des ateliers corps mati\u00e8res &amp; \u00e9ducation populaire<\/li>\n\n\n\n<li>des interventions autour du corps et du mouvement<\/li>\n\n\n\n<li>des ateliers arts et c\u00e9ramique<\/li>\n\n\n\n<li>des formations<\/li>\n<\/ul>\n\n\n\n<p>Nos interventions s&rsquo;adressent \u00e0 toustes. N\u2019h\u00e9sitez pas \u00e0 nous contacter pour construire une intervention ensemble \u00e0 partir d&rsquo;un th\u00e8me ou d&rsquo;une envie.<\/p>\n\n\n\n<p><\/p>\n\n\n\n<p><\/p>\n\n\n\n<p><\/p>\n","protected":false},"excerpt":{"rendered":"<p>Nous proposons: Nos interventions s&rsquo;adressent \u00e0 toustes. N\u2019h\u00e9sitez pas \u00e0 nous contacter pour construire une intervention ensemble \u00e0 partir d&rsquo;un th\u00e8me ou d&rsquo;une envie.<\/p>\n","protected":false},"author":2,"featured_media":0,"parent":0,"menu_order":0,"comment_status":"closed","ping_status":"closed","template":"","meta":{"footnotes":""},"class_list":["post-688","page","type-page","status-publish","hentry"],"_links":{"self":[{"href":"https:\/\/asso-cultures.org\/site\/index.php?rest_route=\/wp\/v2\/pages\/688","targetHints":{"allow":["GET"]}}],"collection":[{"href":"https:\/\/asso-cultures.org\/site\/index.php?rest_route=\/wp\/v2\/pages"}],"about":[{"href":"https:\/\/asso-cultures.org\/site\/index.php?rest_route=\/wp\/v2\/types\/page"}],"author":[{"embeddable":true,"href":"https:\/\/asso-cultures.org\/site\/index.php?rest_route=\/wp\/v2\/users\/2"}],"replies":[{"embeddable":true,"href":"https:\/\/asso-cultures.org\/site\/index.php?rest_route=%2Fwp%2Fv2%2Fcomments&post=688"}],"version-history":[{"count":7,"href":"https:\/\/asso-cultures.org\/site\/index.php?rest_route=\/wp\/v2\/pages\/688\/revisions"}],"predecessor-version":[{"id":1070,"href":"https:\/\/asso-cultures.org\/site\/index.php?rest_route=\/wp\/v2\/pages\/688\/revisions\/1070"}],"wp:attachment":[{"href":"https:\/\/asso-cultures.org\/site\/index.php?rest_route=%2Fwp%2Fv2%2Fmedia&parent=688"}],"curies":[{"name":"wp","href":"https:\/\/api.w.org\/{rel}","templated":true}]}}