{"id":1020,"date":"2026-01-12T21:33:14","date_gmt":"2026-01-12T20:33:14","guid":{"rendered":"https:\/\/asso-cultures.org\/site\/?page_id=1020"},"modified":"2026-01-13T10:14:40","modified_gmt":"2026-01-13T09:14:40","slug":"formation","status":"publish","type":"page","link":"https:\/\/asso-cultures.org\/site\/?page_id=1020","title":{"rendered":"Formation"},"content":{"rendered":"\n<p class=\"has-text-align-left\">L\u2019association Cultures ! d\u00e9veloppe des espaces de formation \u00e0 partir de ses outils (corps, mati\u00e8re, sensible&#8230;)<\/p>\n\n\n\n<p class=\"has-text-align-left\"><br><strong>(S\u2019) Accompagner, (Se) Soutenir : corps social et corps somatique dans les pratiques<br>d\u2019accompagnement<\/strong> <strong>en partenariat avec La Fougue<\/strong><br>\u00c0 destination des professionnel\u00b7les de l\u2019accompagnement (praticien\u00b7nes somatiques, travailleur\u00b7euses sociaux, artistes intervenant\u00b7es, m\u00e9diateur\u00b7rices, \u00e9ducateur\u00b7rices, responsables d\u2019accompagnement, th\u00e9rapeutes, coachs, formateur\u00b7rices, etc) et toute personne se questionnant sur cette pratique dans un cadre b\u00e9n\u00e9vole ou informel.<br>Cette formation propose une exploration immersive et sensible des dimensions corporelles, relationnelles et sociales engag\u00e9es dans les pratiques d\u2019accompagnement. \u00c0 partir d\u2019explorations somatiques, de mises en mouvement, de jeux articul\u00e9s avec des temps d\u2019\u00e9change et des apports th\u00e9oriques , les participant\u00b7es sont invit\u00e9\u00b7es \u00e0 interroger leur posture en temps que personne qui accompagne : disponibilit\u00e9, pr\u00e9sence,<br>limites, \u00e9coute, intuition, ajustement, questionnements&#8230;<\/p>\n\n\n\n<p class=\"has-text-align-left\"><br>Le corps est abord\u00e9 dans sa double dimension :<br>corps somatique, lieu du v\u00e9cu sensible, des perceptions fines, de l\u2019intuition, du mouvement et de l&rsquo;expression singuli\u00e8re ;<br>corps social, fa\u00e7onn\u00e9 par les normes, attentes et repr\u00e9sentations qui influencent les fa\u00e7ons d\u2019\u00eatre, de r\u00e9agir et d\u2019accompagner.<br>Ces trois jours offrent un espace pour exp\u00e9rimenter, observer et mettre en mots ce qui se joue dans la relation d\u2019accompagnement : les allers-retours entre int\u00e9rieur et ext\u00e9rieur, les mouvements visibles et invisibles, les zones de flou, de r\u00e9sonance et d\u2019incertitude. \u00c0 travers le guidage, le fait d\u2019\u00eatre guid\u00e9\u00b7e, et la posture de t\u00e9moin, la proposition est d\u2019explorer de nouveaux chemins pour soutenir sa pr\u00e9sence dans le geste d\u2019accompagner.<br>Des temps d\u2019\u00e9laboration collective, de lecture partag\u00e9e et d\u2019apports permettent d\u2019articuler les exp\u00e9riences corporelles sensibles et les r\u00e9flexions th\u00e9oriques existantes sur le sujet. <\/p>\n\n\n\n<p class=\"has-text-align-left\">La formation ouvre ainsi des pistes concr\u00e8tes pour enrichir ses pratiques d\u2019accompagnement et d\u00e9velopper une posture plus fine, ancr\u00e9e et lucide dans la relation \u00e0 l\u2019autre.<\/p>\n\n\n\n<p class=\"has-text-align-left\">Prochaine date : du 17 au 19 septembre 2026<br>Financement par la formation professionnelle possible<br>Ici les informations d\u00e9taill\u00e9es :<\/p>\n\n\n\n<p class=\"has-text-align-left\"><strong><br>Entra\u00eenement mental et Corps (d\u00e9couverte)<br>en partenariat avec l<a href=\"https:\/\/www.entre-autres.org\/\">\u2019association Entre Autres<\/a><\/strong><br>Ouvert \u00e0 toustes<br>L\u2019entra\u00eenement mental est une m\u00e9thodologie invitant \u00e0 cultiver son esprit critique, \u00e9clairer la finalit\u00e9 de nos actions, situer son point de vue. Il s\u2019agit de s\u2019entra\u00eener \u00e0 rep\u00e9rer les contradictions, r\u00e9sister aux solutions toutes faites et aux \u00e9vidences moralisatrices. L\u2019entra\u00eenement mental est une fa\u00e7on de renforcer nos capacit\u00e9s individuelles et collectives d\u2019expression, d\u2019analyse, d\u2019imagination, d\u2019action, \u00e0 partir de situations issues de nos vies quotidiennes.<br>Dans ce stage, nous partirons de situations mettant en jeu et en mouvement nos corps dans de multiples situations (anatomique, po\u00e9tique, sensible, imaginaire, en lien, etc).<br><\/p>\n\n\n\n<p class=\"has-text-align-left\">Du 24 au 27 mars 2026<br>Financement par la formation professionnelle possible<br>Ici les informations d\u00e9taill\u00e9es :<\/p>\n\n\n\n<p><\/p>\n\n\n\n<figure class=\"wp-block-image size-large\"><img loading=\"lazy\" decoding=\"async\" width=\"725\" height=\"1024\" src=\"https:\/\/asso-cultures.org\/site\/wp-content\/uploads\/2026\/01\/EMCORPS-725x1024.jpg\" alt=\"\" class=\"wp-image-1043\" srcset=\"https:\/\/asso-cultures.org\/site\/wp-content\/uploads\/2026\/01\/EMCORPS-725x1024.jpg 725w, https:\/\/asso-cultures.org\/site\/wp-content\/uploads\/2026\/01\/EMCORPS-212x300.jpg 212w, https:\/\/asso-cultures.org\/site\/wp-content\/uploads\/2026\/01\/EMCORPS-768x1085.jpg 768w, https:\/\/asso-cultures.org\/site\/wp-content\/uploads\/2026\/01\/EMCORPS-1087x1536.jpg 1087w, https:\/\/asso-cultures.org\/site\/wp-content\/uploads\/2026\/01\/EMCORPS-1449x2048.jpg 1449w, https:\/\/asso-cultures.org\/site\/wp-content\/uploads\/2026\/01\/EMCORPS-scaled.jpg 1811w\" sizes=\"auto, (max-width: 725px) 100vw, 725px\" \/><\/figure>\n\n\n\n<p><\/p>\n","protected":false},"excerpt":{"rendered":"<p>L\u2019association Cultures ! d\u00e9veloppe des espaces de formation \u00e0 partir de ses outils (corps, mati\u00e8re, sensible&#8230;) (S\u2019) Accompagner, (Se) Soutenir : corps social et corps somatique dans les pratiquesd\u2019accompagnement en partenariat avec La Fougue\u00c0 destination des professionnel\u00b7les de l\u2019accompagnement (praticien\u00b7nes somatiques, travailleur\u00b7euses sociaux, artistes intervenant\u00b7es, m\u00e9diateur\u00b7rices, \u00e9ducateur\u00b7rices, responsables d\u2019accompagnement, th\u00e9rapeutes, coachs, formateur\u00b7rices, etc) et toute &hellip; <\/p>\n<p class=\"link-more\"><a href=\"https:\/\/asso-cultures.org\/site\/?page_id=1020\" class=\"more-link\">Continuer la lecture<span class=\"screen-reader-text\"> de &laquo;&nbsp;Formation&nbsp;&raquo;<\/span><\/a><\/p>\n","protected":false},"author":2,"featured_media":0,"parent":0,"menu_order":0,"comment_status":"closed","ping_status":"closed","template":"","meta":{"footnotes":""},"class_list":["post-1020","page","type-page","status-publish","hentry"],"_links":{"self":[{"href":"https:\/\/asso-cultures.org\/site\/index.php?rest_route=\/wp\/v2\/pages\/1020","targetHints":{"allow":["GET"]}}],"collection":[{"href":"https:\/\/asso-cultures.org\/site\/index.php?rest_route=\/wp\/v2\/pages"}],"about":[{"href":"https:\/\/asso-cultures.org\/site\/index.php?rest_route=\/wp\/v2\/types\/page"}],"author":[{"embeddable":true,"href":"https:\/\/asso-cultures.org\/site\/index.php?rest_route=\/wp\/v2\/users\/2"}],"replies":[{"embeddable":true,"href":"https:\/\/asso-cultures.org\/site\/index.php?rest_route=%2Fwp%2Fv2%2Fcomments&post=1020"}],"version-history":[{"count":7,"href":"https:\/\/asso-cultures.org\/site\/index.php?rest_route=\/wp\/v2\/pages\/1020\/revisions"}],"predecessor-version":[{"id":1047,"href":"https:\/\/asso-cultures.org\/site\/index.php?rest_route=\/wp\/v2\/pages\/1020\/revisions\/1047"}],"wp:attachment":[{"href":"https:\/\/asso-cultures.org\/site\/index.php?rest_route=%2Fwp%2Fv2%2Fmedia&parent=1020"}],"curies":[{"name":"wp","href":"https:\/\/api.w.org\/{rel}","templated":true}]}}